/((-3)/12).
4
Suppose 0 = 4*g - v - 11, g - 29 = -5*v - 0. Suppose 5*y - 5 = 5. Calculate the remainder when g is divided by y.
0
Let v = 5 - 3. Let r(g) = -v*g + 2*g + 1 + 0*g - 7*g. What is the remainder when r(-2) is divided by 8?
7
Let q be 3/(2/(0 - -2)). Let z(x) = 5*x - 1. What is the remainder when 40 is divided by z(q)?
12
Let i(w) = -w**2 - 11*w + 30. Calculate the remainder when 6 is divided by i(-13).
2
Suppose 0 = 5*k + 4 + 1. Suppose t - 5*i - 34 = 0, 4*t + 4*i + 0*i - 40 = 0. Calculate the remainder when -1 + 27 - (k - 0) is divided by t.
13
Suppose 56 + 89 = 5*c. Suppose -2*t = t - 36. Suppose -2*m + 8 = -t. What is the remainder when c is divided by m?
9
Let s be (32/20)/(4/370). Suppose -2*j + 3*k + 133 = 0, -5*k + s = 5*j - 222. Calculate the remainder when j is divided by 18.
17
Suppose -3*r - 26 = k, -51 = r + 5*k - 19. Let d = 0 - r. What is the remainder when 25 is divided by d?
4
What is the remainder when 54 is divided by (-97)/(-5) - 12/30?
16
Let y(j) = j - 5. Let o be y(4). Let u(f) = -2*f. Let h be u(o). Calculate the remainder when 3 is divided by -4*h/8*-2.
1
Let l(n) = n**3 - 5*n**2 + 2*n - 2. Let z be l(4). Let d = -2 - -1. What is the remainder when d/(z/(-44))*-10 is divided by 23?
21
Suppose -7*f = -9*f + 74. Suppose -42 = -4*p + 10. Calculate the remainder when f is divided by p.
11
Suppose 4*i - 10 = 50. Let r = -2 - -6. Calculate the remainder when i is divided by (-6)/1*r/(-3).
7
Suppose -6*n = -5*n - 9. Calculate the remainder when n is divided by 5.
4
Suppose -52 - 64 = -4*t. What is the remainder when 114 is divided by t?
27
Let z be 2/(-5) + 66/15. Suppose 2*o - 16 = -c, -5*o = -o - 5*c - z. What is the remainder when 10 is divided by o?
4
Let n = 12 - 6. Suppose n*g - 38 - 124 = 0. Calculate the remainder when 79 is divided by g.
25
Let u(i) = -2*i**2 - 19*i - 26. Calculate the remainder when 44 is divided by u(-6).
12
Suppose -5 - 130 = -5*l. What is the remainder when 79 is divided by l?
25
Let j = -19 - -47. What is the remainder when j is divided by 17?
11
Let o(f) = -f + 17. Calculate the remainder when o(6) is divided by 3.
2
Let o = 14 + -6. Let n = o - 7. Suppose 12 = d - x + n, 0 = 2*d + 5*x + 6. Calculate the remainder when d is divided by 4.
3
Let h = 10 + -4. Calculate the remainder when 16 is divided by h.
4
Calculate the remainder when (-24)/(-36) - 37/(-3) is divided by 7.
6
Suppose 3*t + 3*h = 2*t + 95, h = -2*t + 195. What is the remainder when t is divided by 25?
23
Let i(x) = x**3 + 2*x**2 - 3*x. Let o be i(-3). What is the remainder when (o - (-30)/(-4))*-2 is divided by 6?
3
Let x(q) = 5*q + 1. What is the remainder when x(1) is divided by (1 + 21/(-9))*-3?
2
Suppose -3*d = -4*m + 23, 0*m - d - 1 = 2*m. Suppose o = m*l + 13, 2*l = -5*o + 6*l + 35. Calculate the remainder when o is divided by 1.
0
Let i(z) = z**2 + 6*z + 8. What is the remainder when 117 is divided by i(-7)?
12
Let a(i) = i - 2. Let c(m) = -m**2 + 5*m + 6. Let z be c(6). Let p be a(z). What is the remainder when (0 + -82)*p/4 is divided by 14?
13
Suppose 5*x = -2*c + 113, 0 = 5*c - 0*c - 20. What is the remainder when x is divided by 8?
5
Suppose d + 2 + 15 = 5*r, -13 = -3*r + 2*d. Suppose 201 = -r*y + 6*y. Calculate the remainder when y is divided by 23.
21
Let g(o) = o - 1. Let q(m) = -10*m - 2. Let c(r) = -5*g(r) - q(r). Calculate the remainder when c(4) is divided by 10.
7
Let r(j) = 5*j + 4. What is the remainder when 41 is divided by r(2)?
13
Let b(q) = -2*q - 3. Let y be b(-2). What is the remainder when (12/(-18))/(y/(-21)) is divided by 4?
2
Suppose 0 = -2*b + b + 22. Let u(r) = 2*r**2 + 2*r + 1. Let a be u(-2). Suppose a*q - 1 = 39. What is the remainder when b is divided by q?
6
Let v be 0*(-2 + 3/2). Suppose v = -y - 5*w + 25, -y = -2*w + w + 5. Suppose 9*r - 4*r - 195 = y. What is the remainder when r is divided by 20?
19
Let a(h) = h - 1. Suppose y + y + 2*l = 14, l = -1. Calculate the remainder when a(y) is divided by 3.
1
Suppose -2*t - 2*y = -t, 20 = t - 3*y. What is the remainder when 52 is divided by t?
4
Let j = 8 - 1. What is the remainder when -50*((-14)/10 + 1) is divided by j?
6
Suppose 2*h + 14 = w - h, 0 = 5*h + 20. Let y = 4 - 4. Suppose 4*x + 3 = q, 4*x + y = 2*q - 6. What is the remainder when q is divided by w?
1
Suppose b + 20 = -4*b. Let g be (2 + -3)/((-2)/b). Calculate the remainder when 31 is divided by 18 - 2*g/(-2).
15
Let x(f) = 5*f + 9. Let w be x(-7). Let r = w + 45. What is the remainder when r is divided by 10?
9
Suppose 5*c - 262 = 33. What is the remainder when c is divided by 10*9*4/24?
14
Suppose -25*g + 11 = -24*g. What is the remainder when 53 is divided by g?
9
What is the remainder when 4121/52 + (-1)/4 is divided by 20?
19
Suppose -5*x - 28 - 2 = 0. Let i(d) = d**3 + 6*d**2 - 5*d - 1. Let v(h) = 9*h**2 + 1. What is the remainder when i(x) is divided by v(1)?
9
Let g = -7 - -18. Calculate the remainder when (-2310)/(-54) + 4/18 is divided by g.
10
Suppose -i + 40 = -97. What is the remainder when i is divided by 14?
11
Let l be 2/5 - (-72)/20. Suppose 0 = -o + l, d + 2*d = 5*o - 14. Suppose 0 = -3*w + 4*w - 4. Calculate the remainder when w is divided by d.
0
Suppose -20 = -5*m + 10. Calculate the remainder when m is divided by (4/1)/((-4)/(-3)).
0
Let l(r) = r**2 - r + 49. What is the remainder when l(0) is divided by 17?
15
Let s(a) = 2*a - 2. Let g be s(2). Suppose 0 = 4*c - k - 19, 3*c - 26 = -g*c - k. What is the remainder when 8 is divided by c?
3
Suppose -2*c + 73 + 66 = -5*q, -3*q + 15 = 0. Calculate the remainder when c is divided by 14.
12
Suppose -8*w = -11*w + 90. Calculate the remainder when w is divided by 16.
14
What is the remainder when (33/22)/((-6)/(-112)) is divided by 10?
8
Let y = -30 - -64. Calculate the remainder when 169 is divided by y.
33
Let d = 103 - 74. Let w = 61 - d. Calculate the remainder when w is divided by 17.
15
What is the remainder when 1/(((-8)/(-28))/2) is divided by 4?
3
Let o = 465 - 275. Let q be (-1)/4 - o/8. What is the remainder when q/9*15/(-2) is divided by 11?
9
Let s = 6 + 14. Suppose y + 0*j = 4*j - 12, -4*y = 5*j - 15. Suppose y = -5*k - 0*k + 35. Calculate the remainder when s is divided by k.
6
Let l be 0 + (-1 - 1) + 4. Suppose -4*y - 2*h + 180 = 0, 2*y - h - 90 = -5*h. Suppose a + l*a = y. Calculate the remainder when a is divided by 8.
7
Suppose 5*d + z - 7 = 0, 3*d - 2 - 1 = -z. Calculate the remainder when 4 is divided by d.
0
Let h(o) = -o**3 - 2*o**2 + 10*o. Let s(p) = 2*p + 2. Let j be s(7). Let n = 29 - j. What is the remainder when h(-5) is divided by n?
12
Let k(f) = -f**3 + 7*f**2 + 8*f + 8. Calculate the remainder when 39 is divided by k(8).
7
Suppose 0 = -3*v + 12, 3*n = 3*v - 7*v + 223. Let x(p) = -p**3 + 5*p**2 + 5*p. Calculate the remainder when n is divided by x(4).
33
Suppose 3*f = 3, 0*n - 3*n - 5*f = -74. Calculate the remainder when n is divided by 12.
11
Suppose -2*y - 8 = 4*m, 4*m + 2 = -5*y - 0. Calculate the remainder when 4 is divided by y.
0
Let m = 22 - 7. Let i = 21 - m. Suppose q - 7 = 8. Calculate the remainder when q is divided by i.
3
Suppose -57*c = -54*c - 120. Calculate the remainder when 199 is divided by c.
39
Let f(b) = 77*b. Let m be f(1). Suppose 4*q - 63 = m. What is the remainder when q is divided by 12?
11
Suppose -2 = k - 20. What is the remainder when 232 is divided by k?
16
Suppose 2*y + 4 = -0*y. What is the remainder when 22 is divided by (y/4)/(2/(-32))?
6
Let n be (-10)/25 - 12/(-5). Suppose -n*l - 4 = 0, 0 = 2*t - l - 16 - 2. Suppose -2*a + 28 = -t. Calculate the remainder when 52 is divided by a.
16
Suppose -232 - 28 = -4*y. Suppose 3*a - 1 - 50 = 0. What is the remainder when y is divided by a?
14
Let w be 6/18 + 100/6. Calculate the remainder when w + 2 + (-2 - -3) is divided by 7.
6
Suppose -47*i + 59 = -46*i. Calculate the remainder when i is divided by 15.
14
Let p(s) = -s**3 + 6*s**2 + 9*s + 1. Calculate the remainder when p(6) is divided by 19.
17
Let v = 23 - 14. Suppose -3*l - 3*u = -v, 5*l + 2*u + 0*u = 12. Calculate the remainder when 2 is divided by l.
0
Suppose -5*c = 5*p - 55, -5*p + 4*c = -10 - 0. Suppose n + 5*i = -0*n + 24, -3*n = i - 16. What is the remainder when p is divided by n?
2
Let q = 1 - -1. Let t(o) = 2*o**q - 3*o**2 + 10 +